Last updated on 2022-04-24 03:52:31 CEST.
Flavor | Version | Tinstall | Tcheck | Ttotal | Status | Flags |
---|---|---|---|---|---|---|
r-devel-linux-x86_64-debian-clang | 1.1 | 2.24 | 34.90 | 37.14 | NOTE | |
r-devel-linux-x86_64-debian-gcc | 1.1 | 1.80 | 27.28 | 29.08 | NOTE | |
r-devel-linux-x86_64-fedora-clang | 1.1 | 45.80 | NOTE | |||
r-devel-linux-x86_64-fedora-gcc | 1.1 | 34.47 | NOTE | |||
r-patched-linux-x86_64 | 1.1 | 2.09 | 33.91 | 36.00 | NOTE | |
r-release-linux-x86_64 | 1.1 | 1.58 | 32.83 | 34.41 | NOTE | |
r-release-macos-arm64 | 1.1 | NOTE | ||||
r-release-macos-x86_64 | 1.1 | NOTE | ||||
r-release-windows-x86_64 | 1.1 | 14.00 | 57.00 | 71.00 | NOTE | |
r-oldrel-macos-arm64 | 1.1 | NOTE | ||||
r-oldrel-macos-x86_64 | 1.1 | NOTE | ||||
r-oldrel-windows-ix86+x86_64 | 1.1 | 5.00 | 33.00 | 38.00 | NOTE |
Version: 1.1
Check: R code for possible problems
Result: NOTE
mpcv: no visible binding for global variable 'median'
mpcv: no visible global function definition for 'cov'
mpcv: no visible global function definition for 'dist'
plot.mpcv: no visible binding for global variable 'median'
plot.mpcv: no visible global function definition for 'par'
plot.mpcv: no visible global function definition for 'rect'
plot.mpcv: no visible global function definition for 'lines'
plot.mpcv: no visible global function definition for 'points'
plot.mpcv: no visible global function definition for 'legend'
Undefined global functions or variables:
cov dist legend lines median par points rect
Consider adding
importFrom("graphics", "legend", "lines", "par", "points", "rect")
importFrom("stats", "cov", "dist", "median")
to your NAMESPACE file.
Flavors: r-devel-linux-x86_64-debian-clang, r-devel-linux-x86_64-debian-gcc, r-devel-linux-x86_64-fedora-clang, r-devel-linux-x86_64-fedora-gcc, r-patched-linux-x86_64, r-release-linux-x86_64, r-release-macos-arm64, r-release-macos-x86_64, r-release-windows-x86_64, r-oldrel-macos-arm64, r-oldrel-macos-x86_64, r-oldrel-windows-ix86+x86_64