Last updated on 2022-04-24 03:52:31 CEST.
Flavor | Version | Tinstall | Tcheck | Ttotal | Status | Flags |
---|---|---|---|---|---|---|
r-devel-linux-x86_64-debian-clang | 0.43.2 | 4.47 | 41.82 | 46.29 | OK | |
r-devel-linux-x86_64-debian-gcc | 0.43.2 | 4.00 | 30.97 | 34.97 | OK | |
r-devel-linux-x86_64-fedora-clang | 0.43.2 | 57.95 | NOTE | |||
r-devel-linux-x86_64-fedora-gcc | 0.43.2 | 44.53 | NOTE | |||
r-patched-linux-x86_64 | 0.43.2 | 4.14 | 39.35 | 43.49 | OK | |
r-release-linux-x86_64 | 0.43.2 | 4.05 | 38.84 | 42.89 | NOTE | |
r-release-macos-arm64 | 0.43.2 | OK | ||||
r-release-macos-x86_64 | 0.43.2 | OK | ||||
r-release-windows-x86_64 | 0.43.2 | 22.00 | 68.00 | 90.00 | OK | |
r-oldrel-macos-arm64 | 0.43.2 | OK | ||||
r-oldrel-macos-x86_64 | 0.43.2 | OK | ||||
r-oldrel-windows-ix86+x86_64 | 0.43.2 | 7.00 | 9.00 | 16.00 | ERROR |
Version: 0.43.2
Check: compiled code
Result: NOTE
File ‘mpmi/libs/mpmi.so’:
Found no calls to: ‘R_registerRoutines’, ‘R_useDynamicSymbols’
It is good practice to register native routines and to disable symbol
search.
See ‘Writing portable packages’ in the ‘Writing R Extensions’ manual.
Flavors: r-devel-linux-x86_64-fedora-clang, r-devel-linux-x86_64-fedora-gcc
Version: 0.43.2
Check: DESCRIPTION meta-information
Result: NOTE
Dependence on R version ‘3.6.2’ not with patchlevel 0
Flavor: r-release-linux-x86_64
Version: 0.43.2
Check: whether package can be installed
Result: ERROR
Installation failed.
Flavor: r-oldrel-windows-ix86+x86_64