Last updated on 2022-04-24 03:52:31 CEST.
Flavor | Version | Tinstall | Tcheck | Ttotal | Status | Flags |
---|---|---|---|---|---|---|
r-devel-linux-x86_64-debian-clang | 1.0 | 2.31 | 42.42 | 44.73 | NOTE | |
r-devel-linux-x86_64-debian-gcc | 1.0 | 1.81 | 33.01 | 34.82 | NOTE | |
r-devel-linux-x86_64-fedora-clang | 1.0 | 54.67 | NOTE | |||
r-devel-linux-x86_64-fedora-gcc | 1.0 | 42.94 | NOTE | |||
r-patched-linux-x86_64 | 1.0 | 2.50 | 41.04 | 43.54 | NOTE | |
r-release-linux-x86_64 | 1.0 | 2.57 | 39.89 | 42.46 | NOTE | |
r-release-macos-arm64 | 1.0 | NOTE | ||||
r-release-macos-x86_64 | 1.0 | NOTE | ||||
r-release-windows-x86_64 | 1.0 | 14.00 | 58.00 | 72.00 | NOTE | |
r-oldrel-macos-arm64 | 1.0 | NOTE | ||||
r-oldrel-macos-x86_64 | 1.0 | NOTE | ||||
r-oldrel-windows-ix86+x86_64 | 1.0 | 5.00 | 35.00 | 40.00 | NOTE |
Version: 1.0
Check: R code for possible problems
Result: NOTE
place: no visible global function definition for 'points'
plot,mproc: no visible binding for global variable 'rainbow'
plot,mproc: no visible global function definition for 'plot.default'
plot,mproc: no visible global function definition for 'axis'
plot,mproc: no visible global function definition for 'points'
Undefined global functions or variables:
axis plot.default points rainbow
Consider adding
importFrom("grDevices", "rainbow")
importFrom("graphics", "axis", "plot.default", "points")
to your NAMESPACE file.
Flavors: r-devel-linux-x86_64-debian-clang, r-devel-linux-x86_64-debian-gcc, r-devel-linux-x86_64-fedora-clang, r-devel-linux-x86_64-fedora-gcc, r-patched-linux-x86_64, r-release-linux-x86_64, r-release-macos-arm64, r-release-macos-x86_64, r-release-windows-x86_64, r-oldrel-macos-arm64, r-oldrel-macos-x86_64, r-oldrel-windows-ix86+x86_64