Last updated on 2022-04-24 03:52:31 CEST.
Flavor | Version | Tinstall | Tcheck | Ttotal | Status | Flags |
---|---|---|---|---|---|---|
r-devel-linux-x86_64-debian-clang | 0.5.1 | 536.73 | 148.03 | 684.76 | NOTE | |
r-devel-linux-x86_64-debian-gcc | 0.5.1 | 504.64 | 134.42 | 639.06 | NOTE | |
r-devel-linux-x86_64-fedora-clang | 0.5.1 | 973.97 | NOTE | |||
r-devel-linux-x86_64-fedora-gcc | 0.5.1 | 1044.32 | NOTE | |||
r-patched-linux-x86_64 | 0.5.1 | 503.75 | 172.22 | 675.97 | NOTE | |
r-release-linux-x86_64 | 0.5.1 | 509.81 | 158.37 | 668.18 | NOTE | |
r-release-macos-arm64 | 0.5.1 | NOTE | ||||
r-release-macos-x86_64 | 0.5.1 | NOTE | ||||
r-release-windows-x86_64 | 0.5.1 | 393.00 | 225.00 | 618.00 | NOTE | |
r-oldrel-macos-arm64 | 0.5.1 | NOTE | ||||
r-oldrel-macos-x86_64 | 0.5.1 | NOTE | ||||
r-oldrel-windows-ix86+x86_64 | 0.5.1 | 1187.00 | 283.00 | 1470.00 | NOTE |
Version: 0.5.1
Check: for GNU extensions in Makefiles
Result: NOTE
GNU make is a SystemRequirements.
Flavors: r-devel-linux-x86_64-debian-clang, r-devel-linux-x86_64-debian-gcc, r-devel-linux-x86_64-fedora-clang, r-devel-linux-x86_64-fedora-gcc, r-patched-linux-x86_64, r-release-linux-x86_64, r-release-macos-arm64, r-release-macos-x86_64, r-release-windows-x86_64, r-oldrel-macos-arm64, r-oldrel-macos-x86_64, r-oldrel-windows-ix86+x86_64
Version: 0.5.1
Check: installed package size
Result: NOTE
installed size is 57.1Mb
sub-directories of 1Mb or more:
libs 56.7Mb
Flavors: r-devel-linux-x86_64-fedora-clang, r-release-macos-arm64, r-release-macos-x86_64, r-oldrel-macos-arm64, r-oldrel-macos-x86_64, r-oldrel-windows-ix86+x86_64
Version: 0.5.1
Check: dependencies in R code
Result: NOTE
Namespace in Imports field not imported from: ‘rstantools’
All declared Imports should be used.
Flavors: r-devel-linux-x86_64-fedora-clang, r-devel-linux-x86_64-fedora-gcc, r-release-macos-arm64, r-release-macos-x86_64, r-oldrel-macos-arm64, r-oldrel-macos-x86_64