Last updated on 2022-04-24 03:52:31 CEST.
Flavor | Version | Tinstall | Tcheck | Ttotal | Status | Flags |
---|---|---|---|---|---|---|
r-devel-linux-x86_64-debian-clang | 1.2.1.1 | 27.51 | 103.52 | 131.03 | NOTE | |
r-devel-linux-x86_64-debian-gcc | 1.2.1.1 | 22.80 | 74.37 | 97.17 | NOTE | |
r-devel-linux-x86_64-fedora-clang | 1.2.1.1 | 167.26 | NOTE | |||
r-devel-linux-x86_64-fedora-gcc | 1.2.1.1 | 146.46 | NOTE | |||
r-patched-linux-x86_64 | 1.2.1.1 | 27.27 | 97.46 | 124.73 | NOTE | |
r-release-linux-x86_64 | 1.2.1.1 | 24.11 | 92.83 | 116.94 | NOTE | |
r-release-macos-arm64 | 1.2.1.1 | NOTE | ||||
r-release-macos-x86_64 | 1.2.1.1 | NOTE | ||||
r-release-windows-x86_64 | 1.2.1.1 | 46.00 | 168.00 | 214.00 | NOTE | |
r-oldrel-macos-arm64 | 1.2.1.1 | NOTE | ||||
r-oldrel-macos-x86_64 | 1.2.1.1 | NOTE | ||||
r-oldrel-windows-ix86+x86_64 | 1.2.1.1 | 68.00 | 178.00 | 246.00 | NOTE |
Version: 1.2.1.1
Check: LazyData
Result: NOTE
'LazyData' is specified without a 'data' directory
Flavors: r-devel-linux-x86_64-debian-clang, r-devel-linux-x86_64-debian-gcc, r-devel-linux-x86_64-fedora-clang, r-devel-linux-x86_64-fedora-gcc, r-patched-linux-x86_64, r-release-linux-x86_64, r-release-macos-arm64, r-release-macos-x86_64, r-release-windows-x86_64, r-oldrel-macos-arm64, r-oldrel-macos-x86_64, r-oldrel-windows-ix86+x86_64