Last updated on 2022-04-24 03:52:31 CEST.
Flavor | Version | Tinstall | Tcheck | Ttotal | Status | Flags |
---|---|---|---|---|---|---|
r-devel-linux-x86_64-debian-clang | 1.0.13 | 92.39 | 136.02 | 228.41 | OK | |
r-devel-linux-x86_64-debian-gcc | 1.0.13 | 73.36 | 102.21 | 175.57 | OK | |
r-devel-linux-x86_64-fedora-clang | 1.0.13 | 307.49 | NOTE | |||
r-devel-linux-x86_64-fedora-gcc | 1.0.13 | 270.74 | OK | |||
r-patched-linux-x86_64 | 1.0.13 | 75.50 | 129.03 | 204.53 | OK | |
r-release-linux-x86_64 | 1.0.13 | 79.54 | 125.35 | 204.89 | OK | |
r-release-macos-arm64 | 1.0.13 | NOTE | ||||
r-release-macos-x86_64 | 1.0.13 | NOTE | ||||
r-release-windows-x86_64 | 1.0.13 | 106.00 | 177.00 | 283.00 | OK | |
r-oldrel-macos-arm64 | 1.0.13 | NOTE | ||||
r-oldrel-macos-x86_64 | 1.0.13 | NOTE | ||||
r-oldrel-windows-ix86+x86_64 | 1.0.13 | 212.00 | 237.00 | 449.00 | NOTE |
Version: 1.0.13
Check: installed package size
Result: NOTE
installed size is 15.5Mb
sub-directories of 1Mb or more:
data 1.6Mb
libs 13.4Mb
Flavors: r-devel-linux-x86_64-fedora-clang, r-release-macos-arm64, r-release-macos-x86_64, r-oldrel-macos-arm64, r-oldrel-macos-x86_64, r-oldrel-windows-ix86+x86_64