Last updated on 2022-04-24 03:52:31 CEST.
Flavor | Version | Tinstall | Tcheck | Ttotal | Status | Flags |
---|---|---|---|---|---|---|
r-devel-linux-x86_64-debian-clang | 0.2.1 | 8.92 | 130.44 | 139.36 | OK | |
r-devel-linux-x86_64-debian-gcc | 0.2.1 | 5.99 | 96.92 | 102.91 | OK | |
r-devel-linux-x86_64-fedora-clang | 0.2.1 | 174.42 | NOTE | |||
r-devel-linux-x86_64-fedora-gcc | 0.2.1 | 145.93 | OK | |||
r-patched-linux-x86_64 | 0.2.1 | 12.93 | 121.02 | 133.95 | OK | |
r-release-linux-x86_64 | 0.2.1 | 7.61 | 110.85 | 118.46 | OK | |
r-release-macos-arm64 | 0.2.1 | OK | ||||
r-release-macos-x86_64 | 0.2.1 | OK | ||||
r-release-windows-x86_64 | 0.2.1 | 95.00 | 159.00 | 254.00 | OK | |
r-oldrel-macos-arm64 | 0.2.1 | OK | ||||
r-oldrel-macos-x86_64 | 0.2.1 | OK | ||||
r-oldrel-windows-ix86+x86_64 | 0.2.1 | 18.00 | 144.00 | 162.00 | OK |
Version: 0.2.1
Check: Rd cross-references
Result: NOTE
Undeclared package ‘processx’ in Rd xrefs
Flavor: r-devel-linux-x86_64-fedora-clang