Last updated on 2022-04-24 03:52:31 CEST.
Flavor | Version | Tinstall | Tcheck | Ttotal | Status | Flags |
---|---|---|---|---|---|---|
r-devel-linux-x86_64-debian-clang | 1.0.3 | 141.46 | 166.27 | 307.73 | OK | |
r-devel-linux-x86_64-debian-gcc | 1.0.3 | 111.73 | 118.70 | 230.43 | OK | |
r-devel-linux-x86_64-fedora-clang | 1.0.3 | 405.40 | NOTE | |||
r-devel-linux-x86_64-fedora-gcc | 1.0.3 | 367.02 | OK | |||
r-patched-linux-x86_64 | 1.0.3 | 122.25 | 151.94 | 274.19 | OK | |
r-release-linux-x86_64 | 1.0.3 | 121.21 | 147.07 | 268.28 | OK | |
r-release-macos-arm64 | 1.0.3 | NOTE | ||||
r-release-macos-x86_64 | 1.0.3 | NOTE | ||||
r-release-windows-x86_64 | 1.0.3 | 276.00 | 213.00 | 489.00 | OK | |
r-oldrel-macos-arm64 | 1.0.3 | NOTE | ||||
r-oldrel-macos-x86_64 | 1.0.3 | NOTE | ||||
r-oldrel-windows-ix86+x86_64 | 1.0.3 | 382.00 | 262.00 | 644.00 | OK |
Version: 1.0.3
Check: installed package size
Result: NOTE
installed size is 5.3Mb
sub-directories of 1Mb or more:
libs 3.5Mb
Flavors: r-devel-linux-x86_64-fedora-clang, r-release-macos-arm64, r-release-macos-x86_64, r-oldrel-macos-arm64, r-oldrel-macos-x86_64