Last updated on 2022-04-24 03:52:31 CEST.
Flavor | Version | Tinstall | Tcheck | Ttotal | Status | Flags |
---|---|---|---|---|---|---|
r-devel-linux-x86_64-debian-clang | 1.0.0 | 2.61 | 43.47 | 46.08 | OK | |
r-devel-linux-x86_64-debian-gcc | 1.0.0 | 2.36 | 32.74 | 35.10 | OK | |
r-devel-linux-x86_64-fedora-clang | 1.0.0 | 58.95 | NOTE | |||
r-devel-linux-x86_64-fedora-gcc | 1.0.0 | 44.12 | OK | |||
r-patched-linux-x86_64 | 1.0.0 | 2.84 | 40.64 | 43.48 | OK | |
r-release-linux-x86_64 | 1.0.0 | 2.85 | 39.33 | 42.18 | OK | |
r-release-macos-arm64 | 1.0.0 | OK | ||||
r-release-macos-x86_64 | 1.0.0 | OK | ||||
r-release-windows-x86_64 | 1.0.0 | 36.00 | 59.00 | 95.00 | OK | |
r-oldrel-macos-arm64 | 1.0.0 | OK | ||||
r-oldrel-macos-x86_64 | 1.0.0 | OK | ||||
r-oldrel-windows-ix86+x86_64 | 1.0.0 | 8.00 | 50.00 | 58.00 | OK |
Version: 1.0.0
Check: Rd cross-references
Result: NOTE
Undeclared package ‘speedglm’ in Rd xrefs
Flavor: r-devel-linux-x86_64-fedora-clang