Last updated on 2022-04-24 03:52:31 CEST.
Flavor | Version | Tinstall | Tcheck | Ttotal | Status | Flags |
---|---|---|---|---|---|---|
r-devel-linux-x86_64-debian-clang | 1.2-2 | 7.44 | 169.41 | 176.85 | NOTE | |
r-devel-linux-x86_64-debian-gcc | 1.2-2 | 6.47 | 122.42 | 128.89 | NOTE | |
r-devel-linux-x86_64-fedora-clang | 1.2-2 | 214.81 | NOTE | |||
r-devel-linux-x86_64-fedora-gcc | 1.2-2 | 198.11 | NOTE | |||
r-patched-linux-x86_64 | 1.2-2 | 6.20 | 162.81 | 169.01 | NOTE | |
r-release-linux-x86_64 | 1.2-2 | 7.88 | 159.63 | 167.51 | NOTE | |
r-release-macos-arm64 | 1.2-2 | NOTE | ||||
r-release-macos-x86_64 | 1.2-2 | NOTE | ||||
r-release-windows-x86_64 | 1.2-2 | 24.00 | 202.00 | 226.00 | NOTE | |
r-oldrel-macos-arm64 | 1.2-2 | NOTE | ||||
r-oldrel-macos-x86_64 | 1.2-2 | NOTE | ||||
r-oldrel-windows-ix86+x86_64 | 1.2-2 | 17.00 | 187.00 | 204.00 | NOTE |
Version: 1.2-2
Check: R code for possible problems
Result: NOTE
BS.var: no visible binding for global variable 'var'
BS.var: no visible global function definition for 'cov'
Dist.CIs: no visible global function definition for 'qnorm'
MSM.CIs: no visible global function definition for 'qnorm'
plot,msSurv-missing: no visible global function definition for 'update'
summary,msSurv: no visible global function definition for 'quantile'
Undefined global functions or variables:
cov qnorm quantile update var
Consider adding
importFrom("stats", "cov", "qnorm", "quantile", "update", "var")
to your NAMESPACE file.
Flavors: r-devel-linux-x86_64-debian-clang, r-devel-linux-x86_64-debian-gcc, r-devel-linux-x86_64-fedora-clang, r-devel-linux-x86_64-fedora-gcc, r-patched-linux-x86_64, r-release-linux-x86_64, r-release-macos-arm64, r-release-macos-x86_64, r-release-windows-x86_64, r-oldrel-macos-arm64, r-oldrel-macos-x86_64, r-oldrel-windows-ix86+x86_64