Last updated on 2022-04-24 03:52:31 CEST.
Flavor | Version | Tinstall | Tcheck | Ttotal | Status | Flags |
---|---|---|---|---|---|---|
r-devel-linux-x86_64-debian-clang | 0.6.2 | 2.67 | 39.81 | 42.48 | OK | |
r-devel-linux-x86_64-debian-gcc | 0.6.2 | 1.49 | 30.89 | 32.38 | OK | |
r-devel-linux-x86_64-fedora-clang | 0.6.2 | 52.71 | NOTE | |||
r-devel-linux-x86_64-fedora-gcc | 0.6.2 | 39.81 | NOTE | |||
r-patched-linux-x86_64 | 0.6.2 | 4.85 | 38.41 | 43.26 | OK | |
r-release-linux-x86_64 | 0.6.2 | 2.44 | 37.92 | 40.36 | OK | |
r-release-macos-arm64 | 0.6.2 | NOTE | ||||
r-release-macos-x86_64 | 0.6.2 | NOTE | ||||
r-release-windows-x86_64 | 0.6.2 | 14.00 | 64.00 | 78.00 | OK | |
r-oldrel-macos-arm64 | 0.6.2 | NOTE | ||||
r-oldrel-macos-x86_64 | 0.6.2 | NOTE | ||||
r-oldrel-windows-ix86+x86_64 | 0.6.2 | 8.00 | 48.00 | 56.00 | OK |
Version: 0.6.2
Check: data for non-ASCII characters
Result: NOTE
Note: found 26 marked UTF-8 strings
Flavors: r-devel-linux-x86_64-fedora-clang, r-devel-linux-x86_64-fedora-gcc, r-release-macos-arm64, r-release-macos-x86_64, r-oldrel-macos-arm64, r-oldrel-macos-x86_64