Last updated on 2022-04-24 03:52:31 CEST.
Flavor | Version | Tinstall | Tcheck | Ttotal | Status | Flags |
---|---|---|---|---|---|---|
r-devel-linux-x86_64-debian-clang | 1.0.5 | 42.41 | 198.67 | 241.08 | OK | |
r-devel-linux-x86_64-debian-gcc | 1.0.5 | 33.82 | 147.85 | 181.67 | OK | |
r-devel-linux-x86_64-fedora-clang | 1.0.5 | 310.51 | OK | |||
r-devel-linux-x86_64-fedora-gcc | 1.0.5 | 276.06 | OK | |||
r-patched-linux-x86_64 | 1.0.5 | 40.74 | 180.17 | 220.91 | OK | |
r-release-linux-x86_64 | 1.0.5 | 36.10 | 179.55 | 215.65 | OK | |
r-release-macos-arm64 | 1.0.5 | NOTE | ||||
r-release-macos-x86_64 | 1.0.5 | NOTE | ||||
r-release-windows-x86_64 | 1.0.5 | 55.00 | 237.00 | 292.00 | OK | |
r-oldrel-macos-arm64 | 1.0.5 | NOTE | ||||
r-oldrel-macos-x86_64 | 1.0.5 | NOTE | ||||
r-oldrel-windows-ix86+x86_64 | 1.0.5 | 93.00 | 314.00 | 407.00 | OK |
Version: 1.0.5
Check: installed package size
Result: NOTE
installed size is 8.1Mb
sub-directories of 1Mb or more:
libs 7.5Mb
Flavors: r-release-macos-arm64, r-release-macos-x86_64, r-oldrel-macos-arm64, r-oldrel-macos-x86_64