Last updated on 2022-04-24 03:52:31 CEST.
Flavor | Version | Tinstall | Tcheck | Ttotal | Status | Flags |
---|---|---|---|---|---|---|
r-devel-linux-x86_64-debian-clang | 2.3.9 | 38.50 | 112.46 | 150.96 | OK | |
r-devel-linux-x86_64-debian-gcc | 2.3.9 | 30.93 | 83.28 | 114.21 | OK | |
r-devel-linux-x86_64-fedora-clang | 2.3.9 | 194.01 | OK | |||
r-devel-linux-x86_64-fedora-gcc | 2.3.9 | 172.87 | OK | |||
r-patched-linux-x86_64 | 2.3.9 | 32.65 | 105.94 | 138.59 | OK | |
r-release-linux-x86_64 | 2.3.9 | 35.52 | 103.93 | 139.45 | OK | |
r-release-macos-arm64 | 2.3.9 | NOTE | ||||
r-release-macos-x86_64 | 2.3.9 | NOTE | ||||
r-release-windows-x86_64 | 2.3.9 | 50.00 | 179.00 | 229.00 | OK | |
r-oldrel-macos-arm64 | 2.3.9 | NOTE | ||||
r-oldrel-macos-x86_64 | 2.3.9 | NOTE | ||||
r-oldrel-windows-ix86+x86_64 | 2.3.9 | 85.00 | 217.00 | 302.00 | OK |
Version: 2.3.9
Check: installed package size
Result: NOTE
installed size is 5.8Mb
sub-directories of 1Mb or more:
libs 4.9Mb
Flavors: r-release-macos-arm64, r-release-macos-x86_64, r-oldrel-macos-arm64, r-oldrel-macos-x86_64