Last updated on 2022-04-24 03:52:31 CEST.
Flavor | Version | Tinstall | Tcheck | Ttotal | Status | Flags |
---|---|---|---|---|---|---|
r-devel-linux-x86_64-debian-clang | 1.1 | 3.27 | 34.27 | 37.54 | NOTE | |
r-devel-linux-x86_64-debian-gcc | 1.1 | 2.13 | 26.10 | 28.23 | NOTE | |
r-devel-linux-x86_64-fedora-clang | 1.1 | 45.43 | NOTE | |||
r-devel-linux-x86_64-fedora-gcc | 1.1 | 33.52 | NOTE | |||
r-patched-linux-x86_64 | 1.1 | 2.80 | 32.86 | 35.66 | NOTE | |
r-release-linux-x86_64 | 1.1 | 2.17 | 31.59 | 33.76 | NOTE | |
r-release-macos-arm64 | 1.1 | OK | ||||
r-release-macos-x86_64 | 1.1 | OK | ||||
r-release-windows-x86_64 | 1.1 | 18.00 | 53.00 | 71.00 | OK | |
r-oldrel-macos-arm64 | 1.1 | OK | ||||
r-oldrel-macos-x86_64 | 1.1 | OK | ||||
r-oldrel-windows-ix86+x86_64 | 1.1 | 6.00 | 26.00 | 32.00 | OK |
Version: 1.1
Check: for non-standard things in the check directory
Result: NOTE
Found the following files/directories:
'test.txt'
Flavors: r-devel-linux-x86_64-debian-clang, r-devel-linux-x86_64-debian-gcc, r-devel-linux-x86_64-fedora-clang, r-devel-linux-x86_64-fedora-gcc, r-patched-linux-x86_64, r-release-linux-x86_64