Last updated on 2022-04-24 03:52:31 CEST.
Flavor | Version | Tinstall | Tcheck | Ttotal | Status | Flags |
---|---|---|---|---|---|---|
r-devel-linux-x86_64-debian-clang | 1.3.1 | 5.33 | 37.56 | 42.89 | OK | |
r-devel-linux-x86_64-debian-gcc | 1.3.1 | 3.21 | 28.73 | 31.94 | OK | |
r-devel-linux-x86_64-fedora-clang | 1.3.1 | 52.22 | NOTE | |||
r-devel-linux-x86_64-fedora-gcc | 1.3.1 | 40.93 | NOTE | |||
r-patched-linux-x86_64 | 1.3.1 | 5.32 | 35.88 | 41.20 | OK | |
r-release-linux-x86_64 | 1.3.1 | 4.99 | 35.27 | 40.26 | OK | |
r-release-macos-arm64 | 1.3.1 | OK | ||||
r-release-macos-x86_64 | 1.3.1 | OK | ||||
r-release-windows-x86_64 | 1.3.1 | 16.00 | 53.00 | 69.00 | OK | |
r-oldrel-macos-arm64 | 1.3.1 | OK | ||||
r-oldrel-macos-x86_64 | 1.3.1 | OK | ||||
r-oldrel-windows-ix86+x86_64 | 1.3.1 | 12.00 | 38.00 | 50.00 | OK |
Version: 1.3.1
Check: compiled code
Result: NOTE
File ‘msgps/libs/msgps.so’:
Found no calls to: ‘R_registerRoutines’, ‘R_useDynamicSymbols’
It is good practice to register native routines and to disable symbol
search.
See ‘Writing portable packages’ in the ‘Writing R Extensions’ manual.
Flavors: r-devel-linux-x86_64-fedora-clang, r-devel-linux-x86_64-fedora-gcc