Last updated on 2022-04-24 03:52:31 CEST.
Flavor | Version | Tinstall | Tcheck | Ttotal | Status | Flags |
---|---|---|---|---|---|---|
r-devel-linux-x86_64-debian-clang | 0.1.0 | 2.86 | 54.88 | 57.74 | OK | |
r-devel-linux-x86_64-debian-gcc | 0.1.0 | 1.80 | 41.05 | 42.85 | OK | |
r-devel-linux-x86_64-fedora-clang | 0.1.0 | 72.90 | NOTE | |||
r-devel-linux-x86_64-fedora-gcc | 0.1.0 | 61.78 | NOTE | |||
r-patched-linux-x86_64 | 0.1.0 | 2.50 | 52.42 | 54.92 | OK | |
r-release-linux-x86_64 | 0.1.0 | 1.62 | 51.94 | 53.56 | OK | |
r-release-macos-arm64 | 0.1.0 | NOTE | ||||
r-release-macos-x86_64 | 0.1.0 | NOTE | ||||
r-release-windows-x86_64 | 0.1.0 | 12.00 | 144.00 | 156.00 | OK | |
r-oldrel-macos-arm64 | 0.1.0 | NOTE | ||||
r-oldrel-macos-x86_64 | 0.1.0 | NOTE | ||||
r-oldrel-windows-ix86+x86_64 | 0.1.0 | 6.00 | 66.00 | 72.00 | OK |
Version: 0.1.0
Check: dependencies in R code
Result: NOTE
Namespace in Imports field not imported from: ‘tidyselect’
All declared Imports should be used.
Flavors: r-devel-linux-x86_64-fedora-clang, r-devel-linux-x86_64-fedora-gcc, r-release-macos-arm64, r-release-macos-x86_64, r-oldrel-macos-arm64, r-oldrel-macos-x86_64