Last updated on 2022-04-24 03:52:31 CEST.
Flavor | Version | Tinstall | Tcheck | Ttotal | Status | Flags |
---|---|---|---|---|---|---|
r-devel-linux-x86_64-debian-clang | 7.5.1 | 34.09 | 301.56 | 335.65 | OK | |
r-devel-linux-x86_64-debian-gcc | 7.5.1 | 30.17 | 227.36 | 257.53 | OK | |
r-devel-linux-x86_64-fedora-clang | 7.5.1 | 417.48 | NOTE | |||
r-devel-linux-x86_64-fedora-gcc | 7.5.1 | 399.15 | OK | |||
r-patched-linux-x86_64 | 7.5.1 | 33.84 | 292.62 | 326.46 | OK | |
r-release-linux-x86_64 | 7.5.1 | 32.33 | 279.75 | 312.08 | OK | |
r-release-macos-arm64 | 7.5.1 | NOTE | ||||
r-release-macos-x86_64 | 7.5.1 | NOTE | ||||
r-release-windows-x86_64 | 7.5.1 | 34.00 | 367.00 | 401.00 | NOTE | |
r-oldrel-macos-arm64 | 7.5.1 | NOTE | ||||
r-oldrel-macos-x86_64 | 7.5.1 | NOTE | ||||
r-oldrel-windows-ix86+x86_64 | 7.5.1 | 55.00 | 350.00 | 405.00 | NOTE |
Version: 7.5.1
Check: installed package size
Result: NOTE
installed size is 6.0Mb
sub-directories of 1Mb or more:
R 5.9Mb
Flavors: r-devel-linux-x86_64-fedora-clang, r-release-macos-arm64, r-release-macos-x86_64, r-release-windows-x86_64, r-oldrel-macos-arm64, r-oldrel-macos-x86_64, r-oldrel-windows-ix86+x86_64