Last updated on 2022-04-24 03:52:31 CEST.
Flavor | Version | Tinstall | Tcheck | Ttotal | Status | Flags |
---|---|---|---|---|---|---|
r-devel-linux-x86_64-debian-clang | 1.3.3 | 2.88 | 56.98 | 59.86 | NOTE | |
r-devel-linux-x86_64-debian-gcc | 1.3.3 | 3.06 | 42.87 | 45.93 | NOTE | |
r-devel-linux-x86_64-fedora-clang | 1.3.3 | 72.69 | NOTE | |||
r-devel-linux-x86_64-fedora-gcc | 1.3.3 | 60.49 | NOTE | |||
r-patched-linux-x86_64 | 1.3.3 | 3.07 | 54.71 | 57.78 | NOTE | |
r-release-linux-x86_64 | 1.3.3 | 2.55 | 53.40 | 55.95 | NOTE | |
r-release-macos-arm64 | 1.3.3 | NOTE | ||||
r-release-macos-x86_64 | 1.3.3 | WARN | ||||
r-release-windows-x86_64 | 1.3.3 | 21.00 | 77.00 | 98.00 | NOTE | |
r-oldrel-macos-arm64 | 1.3.3 | NOTE | ||||
r-oldrel-macos-x86_64 | 1.3.3 | WARN | ||||
r-oldrel-windows-ix86+x86_64 | 1.3.3 | 7.00 | 66.00 | 73.00 | NOTE |
Version: 1.3.3
Check: LazyData
Result: NOTE
'LazyData' is specified without a 'data' directory
Flavors: r-devel-linux-x86_64-debian-clang, r-devel-linux-x86_64-debian-gcc, r-devel-linux-x86_64-fedora-clang, r-devel-linux-x86_64-fedora-gcc, r-patched-linux-x86_64, r-release-linux-x86_64, r-release-macos-arm64, r-release-macos-x86_64, r-release-windows-x86_64, r-oldrel-macos-arm64, r-oldrel-macos-x86_64, r-oldrel-windows-ix86+x86_64
Version: 1.3.3
Check: re-building of vignette outputs
Result: WARN
Error(s) in re-building vignettes:
...
--- re-building ‘msir.Rmd’ using rmarkdown
Warning in engine$weave(file, quiet = quiet, encoding = enc) :
Pandoc (>= 1.12.3) not available. Falling back to R Markdown v1.
Quitting from lines 101-103 (msir.Rmd)
Error: processing vignette 'msir.Rmd' failed with diagnostics:
invalid 'path' argument
--- failed re-building ‘msir.Rmd’
SUMMARY: processing the following file failed:
‘msir.Rmd’
Error: Vignette re-building failed.
Execution halted
Flavors: r-release-macos-x86_64, r-oldrel-macos-x86_64