Last updated on 2022-04-24 03:52:31 CEST.
Flavor | Version | Tinstall | Tcheck | Ttotal | Status | Flags |
---|---|---|---|---|---|---|
r-devel-linux-x86_64-debian-clang | 0.1.0 | 5.30 | 58.60 | 63.90 | OK | |
r-devel-linux-x86_64-debian-gcc | 0.1.0 | 4.06 | 43.97 | 48.03 | OK | |
r-devel-linux-x86_64-fedora-clang | 0.1.0 | 79.97 | NOTE | |||
r-devel-linux-x86_64-fedora-gcc | 0.1.0 | 66.13 | NOTE | |||
r-patched-linux-x86_64 | 0.1.0 | 5.26 | 54.94 | 60.20 | OK |
Version: 0.1.0
Check: dependencies in R code
Result: NOTE
Namespace in Imports field not imported from: ‘memoise’
All declared Imports should be used.
Flavors: r-devel-linux-x86_64-fedora-clang, r-devel-linux-x86_64-fedora-gcc