Last updated on 2022-04-24 03:52:31 CEST.
Flavor | Version | Tinstall | Tcheck | Ttotal | Status | Flags |
---|---|---|---|---|---|---|
r-devel-linux-x86_64-debian-clang | 0.1.6 | 369.18 | 71.88 | 441.06 | OK | |
r-devel-linux-x86_64-debian-gcc | 0.1.6 | 316.68 | 54.31 | 370.99 | OK | |
r-devel-linux-x86_64-fedora-clang | 0.1.6 | 658.29 | NOTE | |||
r-devel-linux-x86_64-fedora-gcc | 0.1.6 | 652.73 | OK | |||
r-patched-linux-x86_64 | 0.1.6 | 295.95 | 68.07 | 364.02 | OK | |
r-release-linux-x86_64 | 0.1.6 | 249.92 | 66.73 | 316.65 | OK | |
r-release-macos-arm64 | 0.1.6 | NOTE | ||||
r-release-macos-x86_64 | 0.1.6 | NOTE | ||||
r-release-windows-x86_64 | 0.1.6 | 324.00 | 146.00 | 470.00 | OK | |
r-oldrel-macos-arm64 | 0.1.6 | NOTE | ||||
r-oldrel-macos-x86_64 | 0.1.6 | NOTE | ||||
r-oldrel-windows-ix86+x86_64 | 0.1.6 | 912.00 | 197.00 | 1109.00 | NOTE |
Version: 0.1.6
Check: installed package size
Result: NOTE
installed size is 12.6Mb
sub-directories of 1Mb or more:
help 1.0Mb
libs 11.4Mb
Flavors: r-devel-linux-x86_64-fedora-clang, r-release-macos-arm64, r-release-macos-x86_64, r-oldrel-macos-arm64, r-oldrel-macos-x86_64, r-oldrel-windows-ix86+x86_64