Last updated on 2022-04-24 03:52:31 CEST.
Flavor | Version | Tinstall | Tcheck | Ttotal | Status | Flags |
---|---|---|---|---|---|---|
r-devel-linux-x86_64-debian-clang | 11.3.5.101 | 14.89 | 66.28 | 81.17 | OK | |
r-devel-linux-x86_64-debian-gcc | 11.3.5.101 | 12.09 | 48.15 | 60.24 | OK | |
r-devel-linux-x86_64-fedora-clang | 11.3.5.101 | 104.07 | NOTE | |||
r-devel-linux-x86_64-fedora-gcc | 11.3.5.101 | 81.57 | NOTE | |||
r-patched-linux-x86_64 | 11.3.5.101 | 12.66 | 61.05 | 73.71 | OK | |
r-release-linux-x86_64 | 11.3.5.101 | 14.28 | 58.28 | 72.56 | OK | |
r-release-macos-arm64 | 11.3.5.101 | NOTE | ||||
r-release-macos-x86_64 | 11.3.5.101 | NOTE | ||||
r-release-windows-x86_64 | 11.3.5.101 | 32.00 | 83.00 | 115.00 | OK | |
r-oldrel-macos-arm64 | 11.3.5.101 | NOTE | ||||
r-oldrel-macos-x86_64 | 11.3.5.101 | NOTE | ||||
r-oldrel-windows-ix86+x86_64 | 11.3.5.101 | 25.00 | 72.00 | 97.00 | OK |
Version: 11.3.5.101
Check: dependencies in R code
Result: NOTE
Namespaces in Imports field not imported from:
‘markdown’ ‘methods’ ‘vctrs’
All declared Imports should be used.
Flavors: r-devel-linux-x86_64-fedora-clang, r-devel-linux-x86_64-fedora-gcc, r-release-macos-arm64, r-release-macos-x86_64, r-oldrel-macos-arm64, r-oldrel-macos-x86_64