Last updated on 2022-04-24 03:52:31 CEST.
Flavor | Version | Tinstall | Tcheck | Ttotal | Status | Flags |
---|---|---|---|---|---|---|
r-devel-linux-x86_64-debian-clang | 1.7.0 | 2.88 | 39.98 | 42.86 | NOTE | |
r-devel-linux-x86_64-debian-gcc | 1.7.0 | 2.27 | 30.33 | 32.60 | NOTE | |
r-devel-linux-x86_64-fedora-clang | 1.7.0 | 53.12 | NOTE | |||
r-devel-linux-x86_64-fedora-gcc | 1.7.0 | 40.12 | NOTE | |||
r-patched-linux-x86_64 | 1.7.0 | 3.70 | 38.55 | 42.25 | NOTE | |
r-release-linux-x86_64 | 1.7.0 | 3.11 | 37.44 | 40.55 | NOTE | |
r-release-macos-arm64 | 1.7.0 | NOTE | ||||
r-release-macos-x86_64 | 1.7.0 | NOTE | ||||
r-release-windows-x86_64 | 1.7.0 | 25.00 | 56.00 | 81.00 | NOTE | |
r-oldrel-macos-arm64 | 1.7.0 | NOTE | ||||
r-oldrel-macos-x86_64 | 1.7.0 | NOTE | ||||
r-oldrel-windows-ix86+x86_64 | 1.7.0 | 6.00 | 35.00 | 41.00 | NOTE |
Version: 1.7.0
Check: R code for possible problems
Result: NOTE
prentice.test: no visible global function definition for 'is'
Undefined global functions or variables:
is
Consider adding
importFrom("methods", "is")
to your NAMESPACE file (and ensure that your DESCRIPTION Imports field
contains 'methods').
Flavors: r-devel-linux-x86_64-debian-clang, r-devel-linux-x86_64-debian-gcc, r-devel-linux-x86_64-fedora-clang, r-devel-linux-x86_64-fedora-gcc, r-patched-linux-x86_64, r-release-linux-x86_64, r-release-macos-arm64, r-release-macos-x86_64, r-release-windows-x86_64, r-oldrel-macos-arm64, r-oldrel-macos-x86_64, r-oldrel-windows-ix86+x86_64