Last updated on 2022-04-24 03:52:31 CEST.
Flavor | Version | Tinstall | Tcheck | Ttotal | Status | Flags |
---|---|---|---|---|---|---|
r-devel-linux-x86_64-debian-clang | 0.1.0 | 6.78 | 61.75 | 68.53 | NOTE | |
r-devel-linux-x86_64-debian-gcc | 0.1.0 | 4.50 | 45.15 | 49.65 | NOTE | |
r-devel-linux-x86_64-fedora-clang | 0.1.0 | 80.12 | NOTE | |||
r-devel-linux-x86_64-fedora-gcc | 0.1.0 | 67.20 | NOTE | |||
r-patched-linux-x86_64 | 0.1.0 | 5.68 | 56.83 | 62.51 | NOTE | |
r-release-linux-x86_64 | 0.1.0 | 3.45 | 54.49 | 57.94 | NOTE | |
r-release-macos-arm64 | 0.1.0 | NOTE | ||||
r-release-macos-x86_64 | 0.1.0 | NOTE | ||||
r-release-windows-x86_64 | 0.1.0 | 11.00 | 72.00 | 83.00 | NOTE | |
r-oldrel-macos-arm64 | 0.1.0 | NOTE | ||||
r-oldrel-macos-x86_64 | 0.1.0 | NOTE | ||||
r-oldrel-windows-ix86+x86_64 | 0.1.0 | 14.00 | 64.00 | 78.00 | NOTE |
Version: 0.1.0
Check: LazyData
Result: NOTE
'LazyData' is specified without a 'data' directory
Flavors: r-devel-linux-x86_64-debian-clang, r-devel-linux-x86_64-debian-gcc, r-devel-linux-x86_64-fedora-clang, r-devel-linux-x86_64-fedora-gcc, r-patched-linux-x86_64, r-release-linux-x86_64, r-release-macos-arm64, r-release-macos-x86_64, r-release-windows-x86_64, r-oldrel-macos-arm64, r-oldrel-macos-x86_64, r-oldrel-windows-ix86+x86_64