Last updated on 2022-04-24 03:52:31 CEST.
Flavor | Version | Tinstall | Tcheck | Ttotal | Status | Flags |
---|---|---|---|---|---|---|
r-devel-linux-x86_64-debian-clang | 2.1.34 | 7.32 | 74.71 | 82.03 | OK | |
r-devel-linux-x86_64-debian-gcc | 2.1.34 | 4.96 | 57.97 | 62.93 | OK | |
r-devel-linux-x86_64-fedora-clang | 2.1.34 | 104.44 | NOTE | |||
r-devel-linux-x86_64-fedora-gcc | 2.1.34 | 92.64 | NOTE | |||
r-patched-linux-x86_64 | 2.1.34 | 7.30 | 72.86 | 80.16 | OK | |
r-release-linux-x86_64 | 2.1.34 | 6.36 | 74.34 | 80.70 | OK | |
r-release-macos-arm64 | 2.1.34 | NOTE | ||||
r-release-macos-x86_64 | 2.1.34 | NOTE | ||||
r-release-windows-x86_64 | 2.1.34 | 20.00 | 110.00 | 130.00 | OK | |
r-oldrel-macos-arm64 | 2.1.34 | NOTE | ||||
r-oldrel-macos-x86_64 | 2.1.34 | NOTE | ||||
r-oldrel-windows-ix86+x86_64 | 2.1.34 | 18.00 | 105.00 | 123.00 | OK |
Version: 2.1.34
Check: dependencies in R code
Result: NOTE
Namespace in Imports field not imported from: ‘shape’
All declared Imports should be used.
Flavors: r-devel-linux-x86_64-fedora-clang, r-devel-linux-x86_64-fedora-gcc, r-release-macos-arm64, r-release-macos-x86_64, r-oldrel-macos-arm64, r-oldrel-macos-x86_64