Last updated on 2022-04-24 03:52:31 CEST.
Flavor | Version | Tinstall | Tcheck | Ttotal | Status | Flags |
---|---|---|---|---|---|---|
r-devel-linux-x86_64-debian-clang | 1.1 | 2.54 | 42.13 | 44.67 | NOTE | |
r-devel-linux-x86_64-debian-gcc | 1.1 | 2.21 | 30.57 | 32.78 | NOTE | |
r-devel-linux-x86_64-fedora-clang | 1.1 | 53.17 | NOTE | |||
r-devel-linux-x86_64-fedora-gcc | 1.1 | 41.87 | NOTE | |||
r-patched-linux-x86_64 | 1.1 | 3.16 | 38.89 | 42.05 | NOTE | |
r-release-linux-x86_64 | 1.1 | 2.75 | 38.66 | 41.41 | NOTE | |
r-release-macos-arm64 | 1.1 | NOTE | ||||
r-release-macos-x86_64 | 1.1 | NOTE | ||||
r-release-windows-x86_64 | 1.1 | 21.00 | 56.00 | 77.00 | NOTE | |
r-oldrel-macos-arm64 | 1.1 | NOTE | ||||
r-oldrel-macos-x86_64 | 1.1 | NOTE | ||||
r-oldrel-windows-ix86+x86_64 | 1.1 | 7.00 | 34.00 | 41.00 | NOTE |
Version: 1.1
Check: LazyData
Result: NOTE
'LazyData' is specified without a 'data' directory
Flavors: r-devel-linux-x86_64-debian-clang, r-devel-linux-x86_64-debian-gcc, r-devel-linux-x86_64-fedora-clang, r-devel-linux-x86_64-fedora-gcc, r-patched-linux-x86_64, r-release-linux-x86_64, r-release-macos-arm64, r-release-macos-x86_64, r-release-windows-x86_64, r-oldrel-macos-arm64, r-oldrel-macos-x86_64, r-oldrel-windows-ix86+x86_64