Last updated on 2022-04-24 03:52:31 CEST.
Flavor | Version | Tinstall | Tcheck | Ttotal | Status | Flags |
---|---|---|---|---|---|---|
r-devel-linux-x86_64-debian-clang | 1.0.1 | 2.34 | 53.39 | 55.73 | NOTE | |
r-devel-linux-x86_64-debian-gcc | 1.0.1 | 2.04 | 38.09 | 40.13 | NOTE | |
r-devel-linux-x86_64-fedora-clang | 1.0.1 | 66.23 | NOTE | |||
r-devel-linux-x86_64-fedora-gcc | 1.0.1 | 53.66 | NOTE | |||
r-patched-linux-x86_64 | 1.0.1 | 2.45 | 50.23 | 52.68 | NOTE | |
r-release-linux-x86_64 | 1.0.1 | 2.39 | 48.97 | 51.36 | NOTE | |
r-release-macos-arm64 | 1.0.1 | NOTE | ||||
r-release-macos-x86_64 | 1.0.1 | NOTE | ||||
r-release-windows-x86_64 | 1.0.1 | 19.00 | 61.00 | 80.00 | NOTE | |
r-oldrel-macos-arm64 | 1.0.1 | NOTE | ||||
r-oldrel-macos-x86_64 | 1.0.1 | NOTE | ||||
r-oldrel-windows-ix86+x86_64 | 1.0.1 | 6.00 | 59.00 | 65.00 | NOTE |
Version: 1.0.1
Check: LazyData
Result: NOTE
'LazyData' is specified without a 'data' directory
Flavors: r-devel-linux-x86_64-debian-clang, r-devel-linux-x86_64-debian-gcc, r-devel-linux-x86_64-fedora-clang, r-devel-linux-x86_64-fedora-gcc, r-patched-linux-x86_64, r-release-linux-x86_64, r-release-macos-arm64, r-release-macos-x86_64, r-release-windows-x86_64, r-oldrel-macos-arm64, r-oldrel-macos-x86_64, r-oldrel-windows-ix86+x86_64