Last updated on 2022-04-24 03:52:31 CEST.
Flavor | Version | Tinstall | Tcheck | Ttotal | Status | Flags |
---|---|---|---|---|---|---|
r-devel-linux-x86_64-debian-clang | 0.1.0 | 2.13 | 36.65 | 38.78 | NOTE | |
r-devel-linux-x86_64-debian-gcc | 0.1.0 | 2.09 | 27.87 | 29.96 | NOTE | |
r-devel-linux-x86_64-fedora-clang | 0.1.0 | 47.93 | NOTE | |||
r-devel-linux-x86_64-fedora-gcc | 0.1.0 | 36.51 | NOTE | |||
r-patched-linux-x86_64 | 0.1.0 | 3.07 | 35.30 | 38.37 | NOTE | |
r-release-linux-x86_64 | 0.1.0 | 2.31 | 34.86 | 37.17 | NOTE | |
r-release-macos-arm64 | 0.1.0 | NOTE | ||||
r-release-macos-x86_64 | 0.1.0 | NOTE | ||||
r-release-windows-x86_64 | 0.1.0 | 32.00 | 51.00 | 83.00 | NOTE | |
r-oldrel-macos-arm64 | 0.1.0 | NOTE | ||||
r-oldrel-macos-x86_64 | 0.1.0 | NOTE | ||||
r-oldrel-windows-ix86+x86_64 | 0.1.0 | 6.00 | 31.00 | 37.00 | NOTE |
Version: 0.1.0
Check: R code for possible problems
Result: NOTE
synthetic_multiband: no visible global function definition for 'runif'
synthetic_multiband: no visible global function definition for 'rnorm'
Undefined global functions or variables:
rnorm runif
Consider adding
importFrom("stats", "rnorm", "runif")
to your NAMESPACE file.
Flavors: r-devel-linux-x86_64-debian-clang, r-devel-linux-x86_64-debian-gcc, r-devel-linux-x86_64-fedora-clang, r-devel-linux-x86_64-fedora-gcc, r-patched-linux-x86_64, r-release-linux-x86_64, r-release-macos-arm64, r-release-macos-x86_64, r-release-windows-x86_64, r-oldrel-macos-arm64, r-oldrel-macos-x86_64, r-oldrel-windows-ix86+x86_64