Last updated on 2022-04-24 03:52:31 CEST.
Flavor | Version | Tinstall | Tcheck | Ttotal | Status | Flags |
---|---|---|---|---|---|---|
r-devel-linux-x86_64-debian-clang | 0.8.1 | 55.88 | 287.89 | 343.77 | OK | |
r-devel-linux-x86_64-debian-gcc | 0.8.1 | 42.74 | 208.23 | 250.97 | OK | |
r-devel-linux-x86_64-fedora-clang | 0.8.1 | 401.48 | NOTE | |||
r-devel-linux-x86_64-fedora-gcc | 0.8.1 | 389.04 | NOTE | |||
r-patched-linux-x86_64 | 0.8.1 | 56.50 | 260.72 | 317.22 | OK | |
r-release-linux-x86_64 | 0.8.1 | 46.26 | 267.30 | 313.56 | OK | |
r-release-macos-arm64 | 0.8.1 | NOTE | ||||
r-release-macos-x86_64 | 0.8.1 | NOTE | ||||
r-release-windows-x86_64 | 0.8.1 | 110.00 | 315.00 | 425.00 | OK | |
r-oldrel-macos-arm64 | 0.8.1 | NOTE | ||||
r-oldrel-macos-x86_64 | 0.8.1 | NOTE | ||||
r-oldrel-windows-ix86+x86_64 | 0.8.1 | 115.00 | 432.00 | 547.00 | OK |
Version: 0.8.1
Check: installed package size
Result: NOTE
installed size is 5.4Mb
sub-directories of 1Mb or more:
libs 3.5Mb
Flavors: r-devel-linux-x86_64-fedora-clang, r-release-macos-arm64, r-release-macos-x86_64, r-oldrel-macos-arm64, r-oldrel-macos-x86_64
Version: 0.8.1
Check: dependencies in R code
Result: NOTE
Namespace in Imports field not imported from: ‘knitr’
All declared Imports should be used.
Flavors: r-devel-linux-x86_64-fedora-clang, r-devel-linux-x86_64-fedora-gcc, r-release-macos-arm64, r-release-macos-x86_64, r-oldrel-macos-arm64, r-oldrel-macos-x86_64