Last updated on 2022-04-24 03:52:31 CEST.
Flavor | Version | Tinstall | Tcheck | Ttotal | Status | Flags |
---|---|---|---|---|---|---|
r-devel-linux-x86_64-debian-clang | 0.4.3 | 21.00 | 269.11 | 290.11 | OK | |
r-devel-linux-x86_64-debian-gcc | 0.4.3 | 17.97 | 198.79 | 216.76 | OK | |
r-devel-linux-x86_64-fedora-clang | 0.4.3 | 357.21 | OK | |||
r-devel-linux-x86_64-fedora-gcc | 0.4.3 | 331.66 | OK | |||
r-patched-linux-x86_64 | 0.4.3 | 18.71 | 254.95 | 273.66 | OK | |
r-release-linux-x86_64 | 0.4.3 | 16.70 | 224.16 | 240.86 | OK | |
r-release-macos-arm64 | 0.4.3 | OK | ||||
r-release-macos-x86_64 | 0.4.3 | NOTE | ||||
r-release-windows-x86_64 | 0.4.3 | 64.00 | 276.00 | 340.00 | OK | |
r-oldrel-macos-arm64 | 0.4.3 | OK | ||||
r-oldrel-macos-x86_64 | 0.4.3 | NOTE | ||||
r-oldrel-windows-ix86+x86_64 | 0.4.3 | 40.00 | 268.00 | 308.00 | NOTE |
Version: 0.4.3
Check: package dependencies
Result: NOTE
Packages suggested but not available for checking:
'switchBox', 'leukemiasEset'
Flavors: r-release-macos-x86_64, r-oldrel-macos-x86_64
Version: 0.4.3
Check: package dependencies
Result: NOTE
Package suggested but not available for checking: 'leukemiasEset'
Flavor: r-oldrel-windows-ix86+x86_64