Last updated on 2022-04-24 03:52:31 CEST.
Flavor | Version | Tinstall | Tcheck | Ttotal | Status | Flags |
---|---|---|---|---|---|---|
r-devel-linux-x86_64-debian-clang | 0.1.1 | 6.78 | 151.34 | 158.12 | OK | |
r-devel-linux-x86_64-debian-gcc | 0.1.1 | 4.80 | 119.51 | 124.31 | OK | |
r-devel-linux-x86_64-fedora-clang | 0.1.1 | 194.71 | OK | |||
r-devel-linux-x86_64-fedora-gcc | 0.1.1 | 175.16 | OK | |||
r-patched-linux-x86_64 | 0.1.1 | 4.91 | 146.30 | 151.21 | OK | |
r-release-linux-x86_64 | 0.1.1 | 5.06 | 141.55 | 146.61 | OK | |
r-release-macos-arm64 | 0.1.1 | OK | ||||
r-release-macos-x86_64 | 0.1.1 | OK | ||||
r-release-windows-x86_64 | 0.1.1 | 25.00 | 116.00 | 141.00 | FAIL | |
r-oldrel-macos-arm64 | 0.1.1 | OK | ||||
r-oldrel-macos-x86_64 | 0.1.1 | OK | ||||
r-oldrel-windows-ix86+x86_64 | 0.1.1 | 14.00 | 155.00 | 169.00 | OK |
Version: 0.1.1
Check: re-building of vignette outputs
Result: FAIL
Flavor: r-release-windows-x86_64