Last updated on 2022-04-24 03:52:31 CEST.
Flavor | Version | Tinstall | Tcheck | Ttotal | Status | Flags |
---|---|---|---|---|---|---|
r-devel-linux-x86_64-debian-clang | 0.1.2 | 8.69 | 197.80 | 206.49 | OK | |
r-devel-linux-x86_64-debian-gcc | 0.1.2 | 6.34 | 142.92 | 149.26 | OK | |
r-devel-linux-x86_64-fedora-clang | 0.1.2 | 235.11 | NOTE | |||
r-devel-linux-x86_64-fedora-gcc | 0.1.2 | 220.18 | NOTE | |||
r-patched-linux-x86_64 | 0.1.2 | 7.72 | 184.68 | 192.40 | OK | |
r-release-linux-x86_64 | 0.1.2 | 7.53 | 177.66 | 185.19 | OK | |
r-release-macos-arm64 | 0.1.2 | NOTE | ||||
r-release-macos-x86_64 | 0.1.2 | NOTE | ||||
r-release-windows-x86_64 | 0.1.2 | 32.00 | 206.00 | 238.00 | OK | |
r-oldrel-macos-arm64 | 0.1.2 | NOTE | ||||
r-oldrel-macos-x86_64 | 0.1.2 | NOTE | ||||
r-oldrel-windows-ix86+x86_64 | 0.1.2 | 17.00 | 205.00 | 222.00 | OK |
Version: 0.1.2
Check: dependencies in R code
Result: NOTE
Namespace in Imports field not imported from: ‘ez’
All declared Imports should be used.
Flavors: r-devel-linux-x86_64-fedora-clang, r-devel-linux-x86_64-fedora-gcc, r-release-macos-arm64, r-release-macos-x86_64, r-oldrel-macos-arm64, r-oldrel-macos-x86_64