Last updated on 2022-04-24 03:52:31 CEST.
Flavor | Version | Tinstall | Tcheck | Ttotal | Status | Flags |
---|---|---|---|---|---|---|
r-devel-linux-x86_64-debian-clang | 4.0.1 | 672.22 | 57.05 | 729.27 | OK | |
r-devel-linux-x86_64-debian-gcc | 4.0.1 | 756.01 | 44.22 | 800.23 | OK | |
r-devel-linux-x86_64-fedora-clang | 4.0.1 | 1324.69 | NOTE | |||
r-devel-linux-x86_64-fedora-gcc | 4.0.1 | 1287.93 | OK | |||
r-patched-linux-x86_64 | 4.0.1 | 779.36 | 56.55 | 835.91 | OK | |
r-release-linux-x86_64 | 4.0.1 | 772.01 | 58.52 | 830.53 | OK | |
r-release-macos-arm64 | 4.0.1 | NOTE | ||||
r-release-macos-x86_64 | 4.0.1 | NOTE | ||||
r-release-windows-x86_64 | 4.0.1 | 777.00 | 138.00 | 915.00 | OK | |
r-oldrel-macos-arm64 | 4.0.1 | NOTE | ||||
r-oldrel-macos-x86_64 | 4.0.1 | NOTE | ||||
r-oldrel-windows-ix86+x86_64 | 4.0.1 | 1754.00 | 125.00 | 1879.00 | NOTE |
Version: 4.0.1
Check: installed package size
Result: NOTE
installed size is 49.1Mb
sub-directories of 1Mb or more:
libs 48.8Mb
Flavors: r-devel-linux-x86_64-fedora-clang, r-release-macos-arm64, r-release-macos-x86_64, r-oldrel-macos-arm64, r-oldrel-macos-x86_64, r-oldrel-windows-ix86+x86_64