Last updated on 2022-04-24 03:52:31 CEST.
Flavor | Version | Tinstall | Tcheck | Ttotal | Status | Flags |
---|---|---|---|---|---|---|
r-devel-linux-x86_64-debian-clang | 0.4.2 | 999.36 | 419.34 | 1418.70 | NOTE | |
r-devel-linux-x86_64-debian-gcc | 0.4.2 | 807.26 | 333.31 | 1140.57 | NOTE | |
r-devel-linux-x86_64-fedora-clang | 0.4.2 | 1958.78 | NOTE | |||
r-devel-linux-x86_64-fedora-gcc | 0.4.2 | 1863.92 | NOTE | |||
r-patched-linux-x86_64 | 0.4.2 | 727.25 | 427.21 | 1154.46 | NOTE | |
r-release-linux-x86_64 | 0.4.2 | 602.20 | 420.96 | 1023.16 | NOTE | |
r-release-macos-arm64 | 0.4.2 | NOTE | ||||
r-release-macos-x86_64 | 0.4.2 | NOTE | ||||
r-release-windows-x86_64 | 0.4.2 | 584.00 | 529.00 | 1113.00 | NOTE | |
r-oldrel-macos-arm64 | 0.4.2 | NOTE | ||||
r-oldrel-macos-x86_64 | 0.4.2 | NOTE | ||||
r-oldrel-windows-ix86+x86_64 | 0.4.2 | 1830.00 | 816.00 | 2646.00 | NOTE |
Version: 0.4.2
Check: for GNU extensions in Makefiles
Result: NOTE
GNU make is a SystemRequirements.
Flavors: r-devel-linux-x86_64-debian-clang, r-devel-linux-x86_64-debian-gcc, r-devel-linux-x86_64-fedora-clang, r-devel-linux-x86_64-fedora-gcc, r-patched-linux-x86_64, r-release-linux-x86_64, r-release-macos-arm64, r-release-macos-x86_64, r-release-windows-x86_64, r-oldrel-macos-arm64, r-oldrel-macos-x86_64, r-oldrel-windows-ix86+x86_64
Version: 0.4.2
Check: package dependencies
Result: NOTE
Imports includes 22 non-default packages.
Importing from so many packages makes the package vulnerable to any of
them becoming unavailable. Move as many as possible to Suggests and
use conditionally.
Flavor: r-devel-linux-x86_64-fedora-clang
Version: 0.4.2
Check: installed package size
Result: NOTE
installed size is 95.4Mb
sub-directories of 1Mb or more:
doc 3.7Mb
libs 90.3Mb
Flavors: r-devel-linux-x86_64-fedora-clang, r-release-macos-arm64, r-release-macos-x86_64, r-release-windows-x86_64, r-oldrel-macos-arm64, r-oldrel-macos-x86_64, r-oldrel-windows-ix86+x86_64