Last updated on 2022-04-24 03:52:31 CEST.
Flavor | Version | Tinstall | Tcheck | Ttotal | Status | Flags |
---|---|---|---|---|---|---|
r-devel-linux-x86_64-debian-clang | 0.2.3 | 79.32 | 292.37 | 371.69 | NOTE | |
r-devel-linux-x86_64-debian-gcc | 0.2.3 | 67.62 | 190.81 | 258.43 | NOTE | |
r-devel-linux-x86_64-fedora-clang | 0.2.3 | 461.57 | NOTE | |||
r-devel-linux-x86_64-fedora-gcc | 0.2.3 | 426.65 | NOTE | |||
r-patched-linux-x86_64 | 0.2.3 | 65.44 | 278.07 | 343.51 | NOTE | |
r-release-linux-x86_64 | 0.2.3 | 65.87 | 265.45 | 331.32 | NOTE | |
r-release-macos-arm64 | 0.2.3 | NOTE | ||||
r-release-macos-x86_64 | 0.2.3 | NOTE | ||||
r-release-windows-x86_64 | 0.2.3 | 149.00 | 322.00 | 471.00 | NOTE | |
r-oldrel-macos-arm64 | 0.2.3 | NOTE | ||||
r-oldrel-macos-x86_64 | 0.2.3 | NOTE | ||||
r-oldrel-windows-ix86+x86_64 | 0.2.3 | 179.00 | 618.00 | 797.00 | NOTE |
Version: 0.2.3
Check: package dependencies
Result: NOTE
Package suggested but not available for checking: 'rPorta'
Flavors: r-devel-linux-x86_64-debian-clang, r-devel-linux-x86_64-debian-gcc, r-devel-linux-x86_64-fedora-clang, r-devel-linux-x86_64-fedora-gcc, r-patched-linux-x86_64, r-release-linux-x86_64, r-release-macos-arm64, r-release-macos-x86_64, r-release-windows-x86_64, r-oldrel-macos-arm64, r-oldrel-macos-x86_64, r-oldrel-windows-ix86+x86_64
Version: 0.2.3
Check: installed package size
Result: NOTE
installed size is 7.2Mb
sub-directories of 1Mb or more:
libs 5.8Mb
Flavors: r-release-macos-arm64, r-release-macos-x86_64, r-oldrel-macos-arm64, r-oldrel-macos-x86_64