Last updated on 2022-04-24 03:52:31 CEST.
Flavor | Version | Tinstall | Tcheck | Ttotal | Status | Flags |
---|---|---|---|---|---|---|
r-devel-linux-x86_64-debian-clang | 2.1.2 | 6.66 | 104.07 | 110.73 | OK | |
r-devel-linux-x86_64-debian-gcc | 2.1.2 | 6.02 | 75.94 | 81.96 | OK | |
r-devel-linux-x86_64-fedora-clang | 2.1.2 | 136.02 | OK | |||
r-devel-linux-x86_64-fedora-gcc | 2.1.2 | 117.75 | OK | |||
r-patched-linux-x86_64 | 2.1.2 | 6.86 | 94.58 | 101.44 | OK | |
r-release-linux-x86_64 | 2.1.2 | 5.69 | 90.87 | 96.56 | OK | |
r-release-macos-arm64 | 2.1.2 | NOTE | ||||
r-release-macos-x86_64 | 2.1.2 | OK | ||||
r-release-windows-x86_64 | 2.1.2 | 69.00 | 126.00 | 195.00 | OK | |
r-oldrel-macos-arm64 | 2.1.2 | NOTE | ||||
r-oldrel-macos-x86_64 | 2.1.2 | OK | ||||
r-oldrel-windows-ix86+x86_64 | 2.1.2 | 17.00 | 111.00 | 128.00 | OK |
Version: 2.1.2
Check: package dependencies
Result: NOTE
Package suggested but not available for checking: ‘ComplexHeatmap’
Flavors: r-release-macos-arm64, r-oldrel-macos-arm64
Version: 2.1.2
Check: Rd cross-references
Result: NOTE
Package unavailable to check Rd xrefs: ‘ComplexHeatmap’
Flavors: r-release-macos-arm64, r-oldrel-macos-arm64