Last updated on 2022-04-24 03:52:31 CEST.
Flavor | Version | Tinstall | Tcheck | Ttotal | Status | Flags |
---|---|---|---|---|---|---|
r-devel-linux-x86_64-debian-clang | 1.0 | 2.98 | 35.39 | 38.37 | NOTE | |
r-devel-linux-x86_64-debian-gcc | 1.0 | 2.35 | 27.37 | 29.72 | NOTE | |
r-devel-linux-x86_64-fedora-clang | 1.0 | 47.90 | NOTE | |||
r-devel-linux-x86_64-fedora-gcc | 1.0 | 36.23 | NOTE | |||
r-patched-linux-x86_64 | 1.0 | 2.90 | 34.42 | 37.32 | NOTE | |
r-release-linux-x86_64 | 1.0 | 2.86 | 34.48 | 37.34 | NOTE | |
r-release-macos-arm64 | 1.0 | NOTE | ||||
r-release-macos-x86_64 | 1.0 | NOTE | ||||
r-release-windows-x86_64 | 1.0 | 31.00 | 48.00 | 79.00 | NOTE | |
r-oldrel-macos-arm64 | 1.0 | NOTE | ||||
r-oldrel-macos-x86_64 | 1.0 | NOTE | ||||
r-oldrel-windows-ix86+x86_64 | 1.0 | 10.00 | 36.00 | 46.00 | NOTE |
Version: 1.0
Check: R code for possible problems
Result: NOTE
CCM_boot : <anonymous>: no visible global function definition for 'sd'
SSR_check_signal: no visible global function definition for 'cor'
SSR_check_signal: no visible global function definition for 'cor.test'
SSR_check_signal: no visible global function definition for 'lm'
SSR_pred_boot: no visible global function definition for 'cor'
make_ccm_data: no visible global function definition for 'rnorm'
make_ccm_data: no visible global function definition for 'runif'
make_ccm_data: no visible global function definition for 'rlnorm'
Undefined global functions or variables:
cor cor.test lm rlnorm rnorm runif sd
Consider adding
importFrom("stats", "cor", "cor.test", "lm", "rlnorm", "rnorm",
"runif", "sd")
to your NAMESPACE file.
Flavors: r-devel-linux-x86_64-debian-clang, r-devel-linux-x86_64-debian-gcc, r-devel-linux-x86_64-fedora-clang, r-devel-linux-x86_64-fedora-gcc, r-patched-linux-x86_64, r-release-linux-x86_64, r-release-macos-arm64, r-release-macos-x86_64, r-release-windows-x86_64, r-oldrel-macos-arm64, r-oldrel-macos-x86_64, r-oldrel-windows-ix86+x86_64
Version: 1.0
Check: compiled code
Result: NOTE
File ‘multispatialCCM/libs/multispatialCCM.so’:
Found no calls to: ‘R_registerRoutines’, ‘R_useDynamicSymbols’
It is good practice to register native routines and to disable symbol
search.
See ‘Writing portable packages’ in the ‘Writing R Extensions’ manual.
Flavors: r-devel-linux-x86_64-fedora-clang, r-devel-linux-x86_64-fedora-gcc