Last updated on 2022-04-24 03:52:31 CEST.
Flavor | Version | Tinstall | Tcheck | Ttotal | Status | Flags |
---|---|---|---|---|---|---|
r-devel-linux-x86_64-debian-clang | 0.2.1 | 106.44 | 92.84 | 199.28 | NOTE | |
r-devel-linux-x86_64-debian-gcc | 0.2.1 | 97.38 | 71.13 | 168.51 | NOTE | |
r-devel-linux-x86_64-fedora-clang | 0.2.1 | 273.89 | NOTE | |||
r-devel-linux-x86_64-fedora-gcc | 0.2.1 | 258.49 | NOTE | |||
r-patched-linux-x86_64 | 0.2.1 | 93.37 | 88.32 | 181.69 | NOTE | |
r-release-linux-x86_64 | 0.2.1 | 99.93 | 81.75 | 181.68 | NOTE | |
r-release-macos-arm64 | 0.2.1 | NOTE | ||||
r-release-macos-x86_64 | 0.2.1 | NOTE | ||||
r-release-windows-x86_64 | 0.2.1 | 70.00 | 128.00 | 198.00 | NOTE | |
r-oldrel-macos-arm64 | 0.2.1 | NOTE | ||||
r-oldrel-macos-x86_64 | 0.2.1 | NOTE | ||||
r-oldrel-windows-ix86+x86_64 | 0.2.1 | 197.00 | 136.00 | 333.00 | NOTE |
Version: 0.2.1
Check: LazyData
Result: NOTE
'LazyData' is specified without a 'data' directory
Flavors: r-devel-linux-x86_64-debian-clang, r-devel-linux-x86_64-debian-gcc, r-devel-linux-x86_64-fedora-clang, r-devel-linux-x86_64-fedora-gcc, r-patched-linux-x86_64, r-release-linux-x86_64, r-release-macos-arm64, r-release-macos-x86_64, r-release-windows-x86_64, r-oldrel-macos-arm64, r-oldrel-macos-x86_64, r-oldrel-windows-ix86+x86_64
Version: 0.2.1
Check: installed package size
Result: NOTE
installed size is 24.1Mb
sub-directories of 1Mb or more:
libs 24.0Mb
Flavors: r-devel-linux-x86_64-fedora-clang, r-release-macos-arm64, r-release-macos-x86_64, r-release-windows-x86_64, r-oldrel-macos-arm64, r-oldrel-macos-x86_64, r-oldrel-windows-ix86+x86_64