Last updated on 2022-04-24 03:52:31 CEST.
Flavor | Version | Tinstall | Tcheck | Ttotal | Status | Flags |
---|---|---|---|---|---|---|
r-devel-linux-x86_64-debian-clang | 0.1.5 | 5.35 | 45.69 | 51.04 | OK | |
r-devel-linux-x86_64-debian-gcc | 0.1.5 | 4.69 | 34.31 | 39.00 | OK | |
r-devel-linux-x86_64-fedora-clang | 0.1.5 | 67.77 | NOTE | |||
r-devel-linux-x86_64-fedora-gcc | 0.1.5 | 50.86 | OK | |||
r-patched-linux-x86_64 | 0.1.5 | 5.00 | 43.76 | 48.76 | OK | |
r-release-linux-x86_64 | 0.1.5 | 4.34 | 43.50 | 47.84 | OK | |
r-release-macos-arm64 | 0.1.5 | OK | ||||
r-release-macos-x86_64 | 0.1.5 | OK | ||||
r-release-windows-x86_64 | 0.1.5 | 19.00 | 69.00 | 88.00 | OK | |
r-oldrel-macos-arm64 | 0.1.5 | OK | ||||
r-oldrel-macos-x86_64 | 0.1.5 | OK | ||||
r-oldrel-windows-ix86+x86_64 | 0.1.5 | 14.00 | 80.00 | 94.00 | OK |
Version: 0.1.5
Check: Rd cross-references
Result: NOTE
Undeclared package ‘mev’ in Rd xrefs
Flavor: r-devel-linux-x86_64-fedora-clang