Last updated on 2022-04-24 03:52:31 CEST.
Flavor | Version | Tinstall | Tcheck | Ttotal | Status | Flags |
---|---|---|---|---|---|---|
r-devel-linux-x86_64-debian-clang | 0.1-10 | 4.33 | 222.98 | 227.31 | OK | |
r-devel-linux-x86_64-debian-gcc | 0.1-10 | 2.76 | 161.25 | 164.01 | OK | |
r-devel-linux-x86_64-fedora-clang | 0.1-10 | 279.28 | NOTE | |||
r-devel-linux-x86_64-fedora-gcc | 0.1-10 | 254.72 | OK | |||
r-patched-linux-x86_64 | 0.1-10 | 3.17 | 209.74 | 212.91 | OK | |
r-release-linux-x86_64 | 0.1-10 | 3.32 | 206.00 | 209.32 | OK | |
r-release-macos-arm64 | 0.1-10 | OK | ||||
r-release-macos-x86_64 | 0.1-10 | OK | ||||
r-release-windows-x86_64 | 0.1-10 | 14.00 | 261.00 | 275.00 | OK | |
r-oldrel-macos-arm64 | 0.1-10 | OK | ||||
r-oldrel-macos-x86_64 | 0.1-10 | OK | ||||
r-oldrel-windows-ix86+x86_64 | 0.1-10 | 10.00 | 270.00 | 280.00 | OK |
Version: 0.1-10
Check: Rd cross-references
Result: NOTE
Undeclared package ‘sampleSelection’ in Rd xrefs
Flavor: r-devel-linux-x86_64-fedora-clang