Last updated on 2022-04-24 03:52:31 CEST.
Flavor | Version | Tinstall | Tcheck | Ttotal | Status | Flags |
---|---|---|---|---|---|---|
r-devel-linux-x86_64-debian-clang | 4.2.1 | 91.74 | 189.20 | 280.94 | OK | |
r-devel-linux-x86_64-debian-gcc | 4.2.1 | 71.30 | 137.99 | 209.29 | OK | |
r-devel-linux-x86_64-fedora-clang | 4.2.1 | 394.92 | OK | |||
r-devel-linux-x86_64-fedora-gcc | 4.2.1 | 342.06 | OK | |||
r-patched-linux-x86_64 | 4.2.1 | 83.68 | 183.20 | 266.88 | OK | |
r-release-linux-x86_64 | 4.2.1 | 83.18 | 179.13 | 262.31 | OK | |
r-release-macos-arm64 | 4.2.1 | NOTE | ||||
r-release-macos-x86_64 | 4.2.1 | NOTE | ||||
r-release-windows-x86_64 | 4.2.1 | 121.00 | 224.00 | 345.00 | OK | |
r-oldrel-macos-arm64 | 4.2.1 | NOTE | ||||
r-oldrel-macos-x86_64 | 4.2.1 | NOTE | ||||
r-oldrel-windows-ix86+x86_64 | 4.2.1 | 213.00 | 318.00 | 531.00 | OK |
Version: 4.2.1
Check: installed package size
Result: NOTE
installed size is 7.1Mb
sub-directories of 1Mb or more:
libs 6.0Mb
Flavors: r-release-macos-arm64, r-release-macos-x86_64, r-oldrel-macos-arm64, r-oldrel-macos-x86_64