Last updated on 2022-04-24 03:52:31 CEST.
Flavor | Version | Tinstall | Tcheck | Ttotal | Status | Flags |
---|---|---|---|---|---|---|
r-devel-linux-x86_64-debian-clang | 1.3 | 5.35 | 54.73 | 60.08 | NOTE | |
r-devel-linux-x86_64-debian-gcc | 1.3 | 4.42 | 40.84 | 45.26 | NOTE | |
r-devel-linux-x86_64-fedora-clang | 1.3 | 74.37 | NOTE | |||
r-devel-linux-x86_64-fedora-gcc | 1.3 | 59.43 | NOTE | |||
r-patched-linux-x86_64 | 1.3 | 4.61 | 50.69 | 55.30 | NOTE | |
r-release-linux-x86_64 | 1.3 | 3.06 | 48.90 | 51.96 | NOTE | |
r-release-macos-arm64 | 1.3 | NOTE | ||||
r-release-macos-x86_64 | 1.3 | NOTE | ||||
r-release-windows-x86_64 | 1.3 | 17.00 | 69.00 | 86.00 | NOTE | |
r-oldrel-macos-arm64 | 1.3 | NOTE | ||||
r-oldrel-macos-x86_64 | 1.3 | NOTE | ||||
r-oldrel-windows-ix86+x86_64 | 1.3 | 11.00 | 60.00 | 71.00 | NOTE |
Version: 1.3
Check: R code for possible problems
Result: NOTE
conceptIndicesSkm: no visible global function definition for
'txtProgressBar'
conceptIndicesSkm: no visible global function definition for
'setTxtProgressBar'
conceptVectorsSkm: no visible global function definition for
'txtProgressBar'
conceptVectorsSkm: no visible global function definition for
'setTxtProgressBar'
mvcmb: no visible global function definition for 'runif'
mvcmb: no visible global function definition for 'str'
mvcsph: no visible global function definition for 'pdf'
mvcsph: no visible global function definition for 'heatmap'
mvcsph: no visible global function definition for 'dev.off'
mvcsph: no visible global function definition for 'hclust'
mvcsph: no visible global function definition for 'dist'
mvcsph: no visible global function definition for 'str'
Undefined global functions or variables:
dev.off dist hclust heatmap pdf runif setTxtProgressBar str
txtProgressBar
Consider adding
importFrom("grDevices", "dev.off", "pdf")
importFrom("stats", "dist", "hclust", "heatmap", "runif")
importFrom("utils", "setTxtProgressBar", "str", "txtProgressBar")
to your NAMESPACE file.
Flavors: r-devel-linux-x86_64-debian-clang, r-devel-linux-x86_64-debian-gcc, r-devel-linux-x86_64-fedora-clang, r-devel-linux-x86_64-fedora-gcc, r-patched-linux-x86_64, r-release-linux-x86_64, r-release-macos-arm64, r-release-macos-x86_64, r-release-windows-x86_64, r-oldrel-macos-arm64, r-oldrel-macos-x86_64, r-oldrel-windows-ix86+x86_64