Last updated on 2022-04-24 03:52:31 CEST.
Flavor | Version | Tinstall | Tcheck | Ttotal | Status | Flags |
---|---|---|---|---|---|---|
r-devel-linux-x86_64-debian-clang | 1.0.3 | 4.81 | 65.54 | 70.35 | OK | |
r-devel-linux-x86_64-debian-gcc | 1.0.3 | 3.07 | 47.56 | 50.63 | OK | |
r-devel-linux-x86_64-fedora-clang | 1.0.3 | 85.65 | NOTE | |||
r-devel-linux-x86_64-fedora-gcc | 1.0.3 | 72.68 | OK | |||
r-patched-linux-x86_64 | 1.0.3 | 5.76 | 61.16 | 66.92 | OK | |
r-release-linux-x86_64 | 1.0.3 | 4.97 | 60.14 | 65.11 | OK | |
r-release-macos-arm64 | 1.0.3 | OK | ||||
r-release-macos-x86_64 | 1.0.3 | OK | ||||
r-release-windows-x86_64 | 1.0.3 | 20.00 | 84.00 | 104.00 | OK | |
r-oldrel-macos-arm64 | 1.0.3 | OK | ||||
r-oldrel-macos-x86_64 | 1.0.3 | OK | ||||
r-oldrel-windows-ix86+x86_64 | 1.0.3 | 9.00 | 71.00 | 80.00 | OK |
Version: 1.0.3
Check: Rd cross-references
Result: NOTE
Undeclared package ‘dosresmeta’ in Rd xrefs
Flavor: r-devel-linux-x86_64-fedora-clang