Last updated on 2022-04-24 03:52:31 CEST.
Flavor | Version | Tinstall | Tcheck | Ttotal | Status | Flags |
---|---|---|---|---|---|---|
r-devel-linux-x86_64-debian-clang | 1.0.4 | 1.86 | 31.45 | 33.31 | NOTE | |
r-devel-linux-x86_64-debian-gcc | 1.0.4 | 1.62 | 23.70 | 25.32 | NOTE | |
r-devel-linux-x86_64-fedora-clang | 1.0.4 | 41.87 | NOTE | |||
r-devel-linux-x86_64-fedora-gcc | 1.0.4 | 28.82 | NOTE | |||
r-patched-linux-x86_64 | 1.0.4 | 1.92 | 30.04 | 31.96 | NOTE | |
r-release-linux-x86_64 | 1.0.4 | 1.77 | 28.87 | 30.64 | NOTE | |
r-release-macos-arm64 | 1.0.4 | NOTE | ||||
r-release-macos-x86_64 | 1.0.4 | NOTE | ||||
r-release-windows-x86_64 | 1.0.4 | 12.00 | 42.00 | 54.00 | NOTE | |
r-oldrel-macos-arm64 | 1.0.4 | NOTE | ||||
r-oldrel-macos-x86_64 | 1.0.4 | NOTE | ||||
r-oldrel-windows-ix86+x86_64 | 1.0.4 | 5.00 | 23.00 | 28.00 | NOTE |
Version: 1.0.4
Check: R code for possible problems
Result: NOTE
mvorpb: no visible global function definition for 'pnorm'
mvorpb: no visible global function definition for 'dnorm'
Undefined global functions or variables:
dnorm pnorm
Consider adding
importFrom("stats", "dnorm", "pnorm")
to your NAMESPACE file.
Flavors: r-devel-linux-x86_64-debian-clang, r-devel-linux-x86_64-debian-gcc, r-devel-linux-x86_64-fedora-clang, r-devel-linux-x86_64-fedora-gcc, r-patched-linux-x86_64, r-release-linux-x86_64, r-release-macos-arm64, r-release-macos-x86_64, r-release-windows-x86_64, r-oldrel-macos-arm64, r-oldrel-macos-x86_64, r-oldrel-windows-ix86+x86_64