Last updated on 2022-04-24 03:52:31 CEST.
Flavor | Version | Tinstall | Tcheck | Ttotal | Status | Flags |
---|---|---|---|---|---|---|
r-devel-linux-x86_64-debian-clang | 0.1.2 | 41.77 | 11.94 | 53.71 | ERROR | |
r-devel-linux-x86_64-debian-gcc | 0.1.2 | 32.17 | 71.91 | 104.08 | OK | |
r-devel-linux-x86_64-fedora-clang | 0.1.2 | 191.13 | OK | |||
r-devel-linux-x86_64-fedora-gcc | 0.1.2 | 165.77 | OK | |||
r-patched-linux-x86_64 | 0.1.2 | 35.92 | 91.45 | 127.37 | OK | |
r-release-linux-x86_64 | 0.1.2 | 42.21 | 87.06 | 129.27 | OK | |
r-release-macos-arm64 | 0.1.2 | OK | ||||
r-release-macos-x86_64 | 0.1.2 | OK | ||||
r-release-windows-x86_64 | 0.1.2 | 46.00 | 129.00 | 175.00 | OK | |
r-oldrel-macos-arm64 | 0.1.2 | OK | ||||
r-oldrel-macos-x86_64 | 0.1.2 | OK | ||||
r-oldrel-windows-ix86+x86_64 | 0.1.2 | 96.00 | 138.00 | 234.00 | OK |
Version: 0.1.2
Check: whether package can be installed
Result: ERROR
Installation failed.
Flavor: r-devel-linux-x86_64-debian-clang