Last updated on 2022-04-24 03:52:31 CEST.
Flavor | Version | Tinstall | Tcheck | Ttotal | Status | Flags |
---|---|---|---|---|---|---|
r-devel-linux-x86_64-debian-clang | 1.0 | 2.31 | 30.11 | 32.42 | NOTE | |
r-devel-linux-x86_64-debian-gcc | 1.0 | 2.00 | 24.06 | 26.06 | NOTE | |
r-devel-linux-x86_64-fedora-clang | 1.0 | 42.81 | NOTE | |||
r-devel-linux-x86_64-fedora-gcc | 1.0 | 29.72 | NOTE | |||
r-patched-linux-x86_64 | 1.0 | 2.35 | 29.89 | 32.24 | NOTE | |
r-release-linux-x86_64 | 1.0 | 2.15 | 28.61 | 30.76 | NOTE | |
r-release-macos-arm64 | 1.0 | NOTE | ||||
r-release-macos-x86_64 | 1.0 | NOTE | ||||
r-release-windows-x86_64 | 1.0 | 14.00 | 44.00 | 58.00 | NOTE | |
r-oldrel-macos-arm64 | 1.0 | NOTE | ||||
r-oldrel-macos-x86_64 | 1.0 | NOTE | ||||
r-oldrel-windows-ix86+x86_64 | 1.0 | 8.00 | 30.00 | 38.00 | NOTE |
Version: 1.0
Check: R code for possible problems
Result: NOTE
rtn: no visible global function definition for 'runif'
rtn: no visible global function definition for 'qnorm'
rtn: no visible global function definition for 'pnorm'
Undefined global functions or variables:
pnorm qnorm runif
Consider adding
importFrom("stats", "pnorm", "qnorm", "runif")
to your NAMESPACE file.
Flavors: r-devel-linux-x86_64-debian-clang, r-devel-linux-x86_64-debian-gcc, r-devel-linux-x86_64-fedora-clang, r-devel-linux-x86_64-fedora-gcc, r-patched-linux-x86_64, r-release-linux-x86_64, r-release-macos-arm64, r-release-macos-x86_64, r-release-windows-x86_64, r-oldrel-macos-arm64, r-oldrel-macos-x86_64, r-oldrel-windows-ix86+x86_64
Version: 1.0
Check: compiled code
Result: NOTE
File ‘mvrtn/libs/mvrtn.so’:
Found no calls to: ‘R_registerRoutines’, ‘R_useDynamicSymbols’
It is good practice to register native routines and to disable symbol
search.
See ‘Writing portable packages’ in the ‘Writing R Extensions’ manual.
Flavors: r-devel-linux-x86_64-fedora-clang, r-devel-linux-x86_64-fedora-gcc