Last updated on 2022-04-24 03:52:31 CEST.
Flavor | Version | Tinstall | Tcheck | Ttotal | Status | Flags |
---|---|---|---|---|---|---|
r-devel-linux-x86_64-debian-clang | 0.1.2 | 136.16 | 121.17 | 257.33 | OK | |
r-devel-linux-x86_64-debian-gcc | 0.1.2 | 102.13 | 91.38 | 193.51 | OK | |
r-devel-linux-x86_64-fedora-clang | 0.1.2 | 361.29 | NOTE | |||
r-devel-linux-x86_64-fedora-gcc | 0.1.2 | 287.76 | NOTE | |||
r-patched-linux-x86_64 | 0.1.2 | 113.81 | 115.10 | 228.91 | OK | |
r-release-linux-x86_64 | 0.1.2 | 105.82 | 98.64 | 204.46 | OK | |
r-release-macos-arm64 | 0.1.2 | NOTE | ||||
r-release-macos-x86_64 | 0.1.2 | NOTE | ||||
r-release-windows-x86_64 | 0.1.2 | 126.00 | 185.00 | 311.00 | OK | |
r-oldrel-macos-arm64 | 0.1.2 | NOTE | ||||
r-oldrel-macos-x86_64 | 0.1.2 | NOTE | ||||
r-oldrel-windows-ix86+x86_64 | 0.1.2 | 305.00 | 213.00 | 518.00 | NOTE |
Version: 0.1.2
Check: package dependencies
Result: NOTE
Packages suggested but not available for checking: 'BioNet', 'DLBCL'
Flavors: r-devel-linux-x86_64-fedora-clang, r-devel-linux-x86_64-fedora-gcc
Version: 0.1.2
Check: installed package size
Result: NOTE
installed size is 8.3Mb
sub-directories of 1Mb or more:
java 2.5Mb
libs 5.2Mb
Flavors: r-devel-linux-x86_64-fedora-clang, r-release-macos-arm64, r-release-macos-x86_64, r-oldrel-macos-arm64, r-oldrel-macos-x86_64, r-oldrel-windows-ix86+x86_64