Last updated on 2022-04-24 03:52:31 CEST.
Flavor | Version | Tinstall | Tcheck | Ttotal | Status | Flags |
---|---|---|---|---|---|---|
r-devel-linux-x86_64-debian-clang | 1.0.1 | 15.36 | 212.68 | 228.04 | OK | |
r-devel-linux-x86_64-debian-gcc | 1.0.1 | 11.55 | 155.92 | 167.47 | OK | |
r-devel-linux-x86_64-fedora-clang | 1.0.1 | 278.22 | NOTE | |||
r-devel-linux-x86_64-fedora-gcc | 1.0.1 | 267.44 | NOTE | |||
r-patched-linux-x86_64 | 1.0.1 | 13.82 | 195.75 | 209.57 | OK | |
r-release-linux-x86_64 | 1.0.1 | 14.90 | 186.53 | 201.43 | OK | |
r-release-macos-arm64 | 1.0.1 | NOTE | ||||
r-release-macos-x86_64 | 1.0.1 | NOTE | ||||
r-release-windows-x86_64 | 1.0.1 | 36.00 | 242.00 | 278.00 | OK | |
r-oldrel-macos-arm64 | 1.0.1 | NOTE | ||||
r-oldrel-macos-x86_64 | 1.0.1 | NOTE | ||||
r-oldrel-windows-ix86+x86_64 | 1.0.1 | 31.00 | 234.00 | 265.00 | OK |
Version: 1.0.1
Check: dependencies in R code
Result: NOTE
Namespaces in Imports field not imported from:
‘e1071’ ‘glue’
All declared Imports should be used.
Flavors: r-devel-linux-x86_64-fedora-clang, r-devel-linux-x86_64-fedora-gcc, r-release-macos-arm64, r-release-macos-x86_64, r-oldrel-macos-arm64, r-oldrel-macos-x86_64