Last updated on 2022-04-24 03:52:31 CEST.
Flavor | Version | Tinstall | Tcheck | Ttotal | Status | Flags |
---|---|---|---|---|---|---|
r-devel-linux-x86_64-debian-clang | 1.0 | 3.70 | 36.69 | 40.39 | NOTE | |
r-devel-linux-x86_64-debian-gcc | 1.0 | 2.64 | 28.72 | 31.36 | NOTE | |
r-devel-linux-x86_64-fedora-clang | 1.0 | 51.42 | NOTE | |||
r-devel-linux-x86_64-fedora-gcc | 1.0 | 38.15 | NOTE | |||
r-patched-linux-x86_64 | 1.0 | 2.76 | 35.75 | 38.51 | NOTE | |
r-release-linux-x86_64 | 1.0 | 2.52 | 34.70 | 37.22 | NOTE | |
r-release-macos-arm64 | 1.0 | NOTE | ||||
r-release-macos-x86_64 | 1.0 | NOTE | ||||
r-release-windows-x86_64 | 1.0 | 29.00 | 52.00 | 81.00 | NOTE | |
r-oldrel-macos-arm64 | 1.0 | NOTE | ||||
r-oldrel-macos-x86_64 | 1.0 | NOTE | ||||
r-oldrel-windows-ix86+x86_64 | 1.0 | 6.00 | 34.00 | 40.00 | NOTE |
Version: 1.0
Check: dependencies in R code
Result: NOTE
Package in Depends field not imported from: 'methods'
These packages need to be imported from (in the NAMESPACE file)
for when this namespace is loaded but not attached.
Flavors: r-devel-linux-x86_64-debian-clang, r-devel-linux-x86_64-debian-gcc, r-devel-linux-x86_64-fedora-clang, r-devel-linux-x86_64-fedora-gcc, r-patched-linux-x86_64, r-release-linux-x86_64, r-release-macos-arm64, r-release-macos-x86_64, r-release-windows-x86_64, r-oldrel-macos-arm64, r-oldrel-macos-x86_64, r-oldrel-windows-ix86+x86_64
Version: 1.0
Check: R code for possible problems
Result: NOTE
abcpred_nmer: no visible global function definition for 'write.table'
algpred: no visible global function definition for 'read.table'
algpred: no visible global function definition for 'write.table'
allermatch: no visible global function definition for 'read.table'
allermatch: no visible global function definition for 'write.table'
bcepred_nmer: no visible global function definition for 'write.table'
bimas_nmer: no visible global function definition for 'write.table'
filter.firstlayer: no visible global function definition for
'read.table'
filter.firstlayer: no visible global function definition for
'write.table'
iedb_arb_mhci_nmer: no visible global function definition for
'write.table'
iedb_arb_mhcii_nmer: no visible global function definition for
'write.table'
iedb_consensus_mhci_nmer: no visible global function definition for
'write.table'
iedb_consensus_mhcii_nmer: no visible global function definition for
'write.table'
netmhcNN_nmer: no visible global function definition for 'write.table'
netmhcWT_nmer: no visible global function definition for 'write.table'
propred_nmer: no visible global function definition for 'write.table'
Undefined global functions or variables:
read.table write.table
Consider adding
importFrom("utils", "read.table", "write.table")
to your NAMESPACE file.
Flavors: r-devel-linux-x86_64-debian-clang, r-devel-linux-x86_64-debian-gcc, r-devel-linux-x86_64-fedora-clang, r-devel-linux-x86_64-fedora-gcc, r-patched-linux-x86_64, r-release-linux-x86_64, r-release-macos-arm64, r-release-macos-x86_64, r-release-windows-x86_64, r-oldrel-macos-arm64, r-oldrel-macos-x86_64, r-oldrel-windows-ix86+x86_64