Last updated on 2022-04-24 03:52:31 CEST.
Flavor | Version | Tinstall | Tcheck | Ttotal | Status | Flags |
---|---|---|---|---|---|---|
r-devel-linux-x86_64-debian-clang | 6.0.1-10 | 21.57 | 38.18 | 59.75 | NOTE | |
r-devel-linux-x86_64-debian-gcc | 6.0.1-10 | 16.93 | 29.21 | 46.14 | NOTE | |
r-devel-linux-x86_64-fedora-clang | 6.0.1-10 | 80.38 | NOTE | |||
r-devel-linux-x86_64-fedora-gcc | 6.0.1-10 | 62.04 | NOTE | |||
r-patched-linux-x86_64 | 6.0.1-10 | 15.64 | 36.25 | 51.89 | NOTE | |
r-release-linux-x86_64 | 6.0.1-10 | 15.37 | 34.56 | 49.93 | NOTE | |
r-release-macos-arm64 | 6.0.1-10 | NOTE | ||||
r-release-macos-x86_64 | 6.0.1-10 | NOTE | ||||
r-release-windows-x86_64 | 6.0.1-10 | 29.00 | 73.00 | 102.00 | NOTE | |
r-oldrel-macos-arm64 | 6.0.1-10 | NOTE | ||||
r-oldrel-macos-x86_64 | 6.0.1-10 | NOTE | ||||
r-oldrel-windows-ix86+x86_64 | 6.0.1-10 | 51.00 | 69.00 | 120.00 | NOTE |
Version: 6.0.1-10
Check: LazyData
Result: NOTE
'LazyData' is specified without a 'data' directory
Flavors: r-devel-linux-x86_64-debian-clang, r-devel-linux-x86_64-debian-gcc, r-devel-linux-x86_64-fedora-clang, r-devel-linux-x86_64-fedora-gcc, r-patched-linux-x86_64, r-release-linux-x86_64, r-release-macos-arm64, r-release-macos-x86_64, r-release-windows-x86_64, r-oldrel-macos-arm64, r-oldrel-macos-x86_64, r-oldrel-windows-ix86+x86_64