Last updated on 2022-04-24 03:52:32 CEST.
Flavor | Version | Tinstall | Tcheck | Ttotal | Status | Flags |
---|---|---|---|---|---|---|
r-devel-linux-x86_64-debian-clang | 0.1.1 | 13.68 | 94.92 | 108.60 | OK | |
r-devel-linux-x86_64-debian-gcc | 0.1.1 | 10.18 | 72.76 | 82.94 | OK | |
r-devel-linux-x86_64-fedora-clang | 0.1.1 | 132.29 | NOTE | |||
r-devel-linux-x86_64-fedora-gcc | 0.1.1 | 116.78 | NOTE | |||
r-patched-linux-x86_64 | 0.1.1 | 10.95 | 90.13 | 101.08 | OK | |
r-release-linux-x86_64 | 0.1.1 | 11.74 | 86.41 | 98.15 | OK | |
r-release-macos-arm64 | 0.1.1 | NOTE | ||||
r-release-macos-x86_64 | 0.1.1 | NOTE | ||||
r-release-windows-x86_64 | 0.1.1 | 27.00 | 107.00 | 134.00 | OK | |
r-oldrel-macos-arm64 | 0.1.1 | NOTE | ||||
r-oldrel-macos-x86_64 | 0.1.1 | NOTE | ||||
r-oldrel-windows-ix86+x86_64 | 0.1.1 | 26.00 | 100.00 | 126.00 | OK |
Version: 0.1.1
Check: dependencies in R code
Result: NOTE
Namespaces in Imports field not imported from:
‘Deriv’ ‘compiler’ ‘stringi’
All declared Imports should be used.
Flavors: r-devel-linux-x86_64-fedora-clang, r-devel-linux-x86_64-fedora-gcc, r-release-macos-arm64, r-release-macos-x86_64, r-oldrel-macos-arm64, r-oldrel-macos-x86_64